 647, 4289
What are the prime factors of 46174462?
2, 59, 251, 1559
What are the prime factors of 617574625?
5, 191, 25867
What are the prime factors of 16129417?
23, 701279
List the prime factors of 133120100.
2, 5, 53, 25117
What are the prime factors of 3205132304?
2, 11, 373, 48823
List the prime factors of 7403072127.
3, 11, 17, 2267, 5821
List the prime factors of 220114796.
2, 11, 1289, 3881
List the prime factors of 160250148.
2, 3, 4451393
List the prime factors of 101496393.
3, 1321, 8537
List the prime factors of 456635772.
2, 3, 4228109
List the prime factors of 492695994.
2, 3, 7, 11730857
What are the prime factors of 1640816564?
2, 410204141
List the prime factors of 842381948.
2, 19, 583367
What are the prime factors of 5521508890?
2, 5, 31, 37, 481387
What are the prime factors of 2264068543?
11, 617, 333589
What are the prime factors of 511490329?
7, 149, 653, 751
What are the prime factors of 18161875?
5, 29059
List the prime factors of 170095384.
2, 2689, 7907
List the prime factors of 21334816.
2, 653, 1021
What are the prime factors of 324921375?
3, 5, 19, 563
What are the prime factors of 1253126985?
3, 5, 11, 7594709
List the prime factors of 6888949284.
2, 3, 7, 1823, 44987
What are the prime factors of 1906272477?
3, 59, 719, 4993
List the prime factors of 926032921.
11, 84184811
List the prime factors of 4439429426.
2, 191, 11621543
What are the prime factors of 1640111687?
1640111687
What are the prime factors of 1830504011?
7, 261500573
What are the prime factors of 12994286?
2, 6497143
List the prime factors of 4761696199.
13, 461, 794543
What are the prime factors of 2516551?
1049, 2399
What are the prime factors of 747976793?
37, 1453, 13913
What are the prime factors of 1355528479?
167, 887, 9151
What are the prime factors of 1091519843?
1321, 826283
What are the prime factors of 194033856?
2, 3, 283, 3571
List the prime factors of 114945561.
3, 473027
What are the prime factors of 60690666?
2, 3, 179, 56509
What are the prime factors of 3150115743?
3, 277, 3790753
List the prime factors of 524293027.
23, 1657, 13757
What are the prime factors of 274916591?
521, 527671
What are the prime factors of 344111295?
3, 5, 11, 189593
List the prime factors of 116034526.
2, 58017263
What are the prime factors of 767381923?
7, 11, 2903, 3433
List the prime factors of 54473619.
3, 18157873
List the prime factors of 173765436.
2, 3, 13, 379, 2939
List the prime factors of 39042374.
2, 7, 67, 107, 389
List the prime factors of 677060513.
17, 39827089
What are the prime factors of 16512841?
37, 446293
What are the prime factors of 4050066337?
337, 12018001
What are the prime factors of 143448462?
2, 3, 2656453
List the prime factors of 104486037.
3, 431, 80809
What are the prime factors of 2555230262?
2, 13, 98278087
What are the prime factors of 123955756?
2, 43, 577, 1249
List the prime factors of 601726174.
2, 7, 181, 33923
List the prime factors of 439536169.
439536169
What are the prime factors of 89833562?
2, 7, 13, 107, 659
List the prime factors of 473116659.
3, 43, 337, 10883
What are the prime factors of 680738182?
2, 101, 3369991
List the prime factors of 1116708110.
2, 5, 7, 163, 97871
What are the prime factors of 1625123500?
2, 5, 7, 11, 13, 17, 191
What are the prime factors of 66670557?
3, 22223519
What are the prime factors of 271353854?
2, 139, 976093
List the prime factors of 87840436.
2, 823, 26683
List the prime factors of 181952717.
17, 37, 289273
What are the prime factors of 2953666078?
2, 11, 353, 380333
What are the prime factors of 2107489877?
2107489877
List the prime factors of 38832358.
2, 53, 366343
List the prime factors of 59857384.
2, 7482173
What are the prime factors of 850758842?
2, 425379421
What are the prime factors of 46622318?
2, 23311159
List the prime factors of 3283270652.
2, 41, 79, 253417
List the prime factors of 311013476.
2, 47, 107, 15461
List the prime factors of 92945474.
2, 46472737
What are the prime factors of 201694552?
2, 25211819
List the prime factors of 44860127.
13, 17, 202987
What are the prime factors of 823333220?
2, 5, 443, 92927
List the prime factors of 862359736.
2, 7, 31, 383, 1297
List the prime factors of 617222752.
2, 19, 37, 27437
What are the prime factors of 763181146?
2, 7, 13, 4193303
What are the prime factors of 120461408?
2, 191, 19709
List the prime factors of 115304473.
115304473
What are the prime factors of 15759282?
2, 3, 7, 11, 443
What are the prime factors of 3144262822?
2, 1572131411
What are the prime factors of 6494312311?
6494312311
What are the prime factors of 125385127?
7, 17912161
What are the prime factors of 16877388?
2, 3, 11, 127859
What are the prime factors of 2215862139?
3, 738620713
What are the prime factors of 587615254?
2, 4327, 67901
List the prime factors of 23052328.
2, 13, 221657
List the prime factors of 671878873.
29, 23168237
What are the prime factors of 25283820?
2, 3, 5, 421397
List the prime factors of 192784144.
2, 7, 919, 1873
List the prime factors of 53907001.
53907001
List the prime factors of 2557541258.
2, 23, 55598723
What are the prime factors of 9889713?
3, 31, 35447
List the prime factors of 199372671.
3, 23, 103, 1039
What are the prime factors of 61018247?
43, 1419029
List the prime factors of 1775289550.
2, 5, 5297, 6703
What are the prime factors of 160724243?
31, 683, 7591
List the prime factors of 4126788212.
2, 5813, 177481
List the prime factors of 60866152.
2, 7608269
List the prime factors of 162136857.
3, 54045619
What are the prime factors of 1027538101?
929, 1106069
What are the prime factors of 42929727?
3, 14309909
What are the prime factors of 605282959?
41, 1429, 10331
List the prime factors of 3784419031.
19, 1279, 155731
What are the prime factors of 27473411?
7, 17, 19, 29, 419
List the prime factors of 273779122.
2, 1787, 76603
What are the prime factors of 27629791?
7, 3947113
List the prime factors of 649118255.
5, 1277, 101663
List the prime factors of 119255078.
2, 31, 1923469
List the prime factors of 5874368213.
7, 181, 193, 24023
List the prime factors of 98018192.
2, 17, 89, 4049
List the prime factors of 1755509849.
3203, 548083
List the prime factors of 3631107899.
61, 173, 344083
List the prime factors of 375767128.
2, 11, 4270081
List the prime factors of 26994961.
7, 103, 37441
What are the prime factors of 234833282?
2, 101, 1162541
List the prime factors of 22891826.
2, 17, 31, 37, 587
List the prime factors of 96676496.
2, 7, 617, 1399
List the prime factors of 185550580.
2, 5, 17, 19, 28723
What are the prime factors of 1681778136?
2, 3, 71, 986959
List the prime factors of 1362979673.
11, 373, 332191
What are the prime factors of 4219951330?
2, 5, 7, 61, 988279
What are the prime factors of 5862880528?
2, 366430033
What are the prime factors of 345128988?
2, 3, 2161, 13309
List the prime factors of 4265433224.
2, 13, 89, 460829
List the prime factors of 1576624978.
2, 19, 41490131
What are the prime factors of 40602173?
109, 372497
What are the prime factors of 484945936?
2, 30309121
List the prime factors of 68412848.
2, 7, 610829
What are the prime factors of 370746525?
3, 5, 19, 151, 1723
What are the prime factors of 79816053?
3, 41, 648911
What are the prime factors of 433050451?
19, 3929, 5801
List the prime factors of 7087955.
5, 7, 53, 3821
What are the prime factors of 500392247?
43, 67, 173687
List the prime factors of 508486463.
4547, 111829
List the prime factors of 1249124925.
3, 5, 293, 56843
List the prime factors of 1672815502.
2, 179, 4672669
List the prime factors of 339250063.
339250063
What are the prime factors of 350403664?
2, 13, 31, 1753
What are the prime factors of 1394015762?
2, 697007881
List the prime factors of 1729273117.
11, 13, 107, 113017
What are the prime factors of 3627653?
3627653
What are the prime factors of 20734483?
7, 11, 113, 2383
List the prime factors of 1045052463.
3, 7, 13, 53, 72227
List the prime factors of 1368814896.
2, 3, 257, 12329
What are the prime factors of 63867366?
2, 3, 23, 61, 281
What are the prime factors of 376582788?
2, 3, 10460633
List the prime factors of 61859377.
61859377
List the prime factors of 215523670.
2, 5, 47, 139, 3299
What are the prime factors of 2119159116?
2, 3, 58865531
W